to base 12
-189
What is -1201 (base 4) in base 12?
-81
-62 (base 14) to base 12
-72
-3 (base 15) to base 5
-3
Convert -42 (base 13) to base 10.
-54
Convert 1 (base 13) to base 5.
1
What is -10 (base 11) in base 2?
-1011
1 (base 6) to base 8
1
Convert -45 (base 8) to base 11.
-34
10 (base 5) to base 14
5
44 (base 16) to base 6
152
Convert 22 (base 3) to base 10.
8
6 (base 9) to base 11
6
What is -1100 (base 2) in base 12?
-10
What is 11 (base 7) in base 16?
8
124 (base 12) to base 8
254
Convert 2 (base 7) to base 5.
2
What is 11101 (base 3) in base 6?
314
21 (base 6) to base 13
10
Convert -34 (base 5) to base 11.
-18
4 (base 7) to base 9
4
Convert -232 (base 6) to base 8.
-134
1 (base 16) to base 8
1
Convert 10101 (base 2) to base 16.
15
110 (base 2) to base 8
6
10 (base 5) to base 10
5
Convert 153 (base 8) to base 3.
10222
What is -1 (base 2) in base 9?
-1
What is 183 (base 11) in base 9?
255
What is -210 (base 5) in base 15?
-3a
Convert 1 (base 9) to base 12.
1
Convert -2 (base 3) to base 6.
-2
0 (base 7) to base 8
0
-3 (base 9) to base 16
-3
Convert 0 (base 10) to base 9.
0
What is 110 (base 2) in base 10?
6
What is 15 (base 14) in base 9?
21
Convert -3 (base 14) to base 16.
-3
Convert 67 (base 15) to base 8.
141
-6 (base 15) to base 16
-6
What is 1 (base 7) in base 3?
1
-2 (base 7) to base 13
-2
What is 0 (base 5) in base 10?
0
13 (base 8) to base 15
b
12 (base 6) to base 4
20
Convert -111000 (base 2) to base 4.
-320
-6 (base 9) to base 12
-6
What is 7 (base 9) in base 10?
7
What is 16 (base 15) in base 6?
33
What is 2a (base 14) in base 11?
35
-1a (base 15) to base 12
-21
What is 15 (base 16) in base 3?
210
What is 15 (base 6) in base 2?
1011
Convert 42 (base 12) to base 15.
35
3 (base 14) to base 13
3
What is 1100 (base 2) in base 4?
30
What is -e (base 16) in base 3?
-112
Convert -2 (base 6) to base 16.
-2
Convert -53 (base 11) to base 4.
-322
Convert 2202 (base 3) to base 9.
82
Convert -2 (base 5) to base 14.
-2
What is -114 (base 6) in base 15?
-31
What is -14 (base 7) in base 14?
-b
What is 5 (base 15) in base 2?
101
-c (base 15) to base 11
-11
Convert -1000000 (base 2) to base 15.
-44
Convert 6 (base 11) to base 7.
6
Convert 0 (base 5) to base 3.
0
What is -10 (base 2) in base 10?
-2
What is 52 (base 9) in base 16?
2f
What is 2 (base 16) in base 6?
2
What is 37 (base 8) in base 10?
31
-34 (base 6) to base 13
-19
-116 (base 11) to base 13
-a8
What is 9 (base 16) in base 5?
14
-c (base 13) to base 16
-c
32 (base 6) to base 12
18
7 (base 15) to base 2
111
4 (base 14) to base 11
4
What is a (base 12) in base 5?
20
What is 4 (base 9) in base 11?
4
112 (base 7) to base 9
64
What is -302 (base 6) in base 5?
-420
Convert -120 (base 4) to base 10.
-24
What is -2 (base 8) in base 6?
-2
Convert 32 (base 7) to base 9.
25
5 (base 8) to base 4
11
What is -4 (base 16) in base 7?
-4
Convert 13 (base 7) to base 14.
a
What is -44 (base 10) in base 11?
-40
What is 110100 (base 2) in base 10?
52
7 (base 13) to base 5
12
Convert -e (base 16) to base 12.
-12
Convert 2 (base 5) to base 10.
2
11 (base 6) to base 4
13
-116 (base 7) to base 14
-46
-6 (base 14) to base 12
-6
What is 8 (base 11) in base 12?
8
What is -10 (base 3) in base 12?
-3
Convert 141 (base 5) to base 2.
101110
-2112 (base 3) to base 8
-104
4 (base 12) to base 14
4
What is -3 (base 12) in base 15?
-3
105 (base 11) to base 3
11200
What is -60 (base 14) in base 6?
-220
0 (base 6) to base 9
0
-2 (base 10) to base 15
-2
Convert -131 (base 10) to base 2.
-10000011
3 (base 7) to base 14
3
2 (base 9) to base 3
2
Convert 23 (base 10) to base 12.
1b
Convert 1003 (base 4) to base 9.
74
Convert -1 (base 5) to base 12.
-1
Convert -bd (base 16) to base 7.
-360
12 (base 13) to base 12
13
-6 (base 15) to base 2
-110
What is -122 (base 6) in base 15?
-35
2e (base 15) to base 14
32
What is -32 (base 9) in base 12?
-25
What is 100101 (base 2) in base 10?
37
-11 (base 2) to base 5
-3
What is 0 (base 7) in base 15?
0
What is -12 (base 11) in base 2?
-1101
What is 140 (base 6) in base 3?
2020
5 (base 12) to base 3
12
Convert 1 (base 9) to base 10.
1
Convert c5 (base 16) to base 13.
122
7 (base 16) to base 5
12
18 (base 9) to base 15
12
1 (base 8) to base 11
1
Convert 80 (base 16) to base 3.
11202
-1 (base 6) to base 7
-1
Convert 70 (base 9) to base 12.
53
30 (base 5) to base 8
17
Convert -1 (base 16) to base 11.
-1
Convert -67 (base 11) to base 8.
-111
-3013 (base 4) to base 2
-11000111
Convert 74 (base 15) to base 14.
7b
Convert -8 (base 9) to base 14.
-8
What is 11 (base 5) in base 7?
6
-3 (base 4) to base 7
-3
0 (base 16) to base 14
0
What is -23 (base 6) in base 15?
-10
Convert -54 (base 13) to base 2.
-1000101
-340 (base 6) to base 7
-246
Convert -452 (base 6) to base 14.
-c8
6 (base 13) to base 10
6
10 (base 2) to base 11
2
-100 (base 2) to base 9
-4
3 (base 9) to base 2
11
Convert 3 (base 5) to base 13.
3
What is 3 (base 5) in base 4?
3
Convert 10 (base 2) to base 4.
2
Convert 4 (base 10) to base 13.
4
-60 (base 7) to base 5
-132
-1 (base 5) to base 14
-1
Convert 3 (base 8) to base 12.
3
Convert 0 (base 2) to base 12.
0
125 (base 10) to base 15
85
Convert -3 (base 4) to base 11.
-3
Convert -3 (base 7) to base 12.
-3
14 (base 5) to base 16
9
What is -1212 (base 3) in base 10?
-50
What is -176 (base 13) in base 2?
-100001010
1 (base 6) to base 10
1
Convert -4 (base 15) to base 12.
-4
What is 16 (base 9) in base 6?
23
-3 (base 5) to base 10
-3
What is 2020 (base 4) in base 8?
210
Convert -10322 (base 4) to base 15.
-15e
-1 (base 5) to base 12
-1
-3 (base 10) to base 8
-3
Convert 32 (base 15) to base 4.
233
-5 (base 9) to base 10
-5
-2 (base 11) to base 12
-2
What is -10001 (base 2) in base 13?
-14
0 (base 2) to base 4
0
4 (base 10) to base 16
4
Convert -82 (base 16) to base 4.
-2002
What is 3 (base 5) in base 15?
3
-4 (base 7) to base 6
-4
-2 (base 4) to base 12
-2
What is -117 (base 13) in base 3?
-21000
Convert 21 (base 3) to base 9.
7
109 (base 10) to base 9
131
-27 (base 16) to base 2
-100111
-138 (base 11) to base 13
-c6
-7 (base 11) to base 4
-13
2 (base 9) to base 10
2
What is 0 (base 4) in base 9?
0
2 (base 4) to base 14
2
Convert 55 (base 9) to base 12.
42
2 (base 5) to base 10
2
Convert 16 (base 12) to base 16.
12
Convert -30 (base 11) to base 8.
-41
What is 4c (base 14) in base 9?
75
-1 (base 15) to base 5
-1
12 (base 11) to base 2
1101
What is -68 (base 15) in base 2?
-1100010
What is 414 (base 6) in base 14?
b0
What is -137 (base 9) in base 10?
-115
What is 1110 (base 2) in base 8?
16
What is -1 (base 2) in base 13?
-1
Convert 4 (base 5) to base 16.
4
What is -22 (base 15) in base 4?
-200
What is -33 (base 15) in base 6?
-120
What is 38 (base 15) in base 5?
203
What is 10 (base 3) in base 12?
3
What is 10 (base 14) in base 4?
32
What is 94 (base 14) in base 11?
109
What is -d (base 15) in base 13?
-10
-51 (base 12) to base 3
-2021
24 (base 7) to base 11
17
What is 112 (base 4) in base 15?
17
Convert 11111101 (base 2) to base 9.
311
-1 (base 13) to base 16
-1
Convert 52 (base 7) to base 16.
25
Convert 13 (base 5) to base 2.
1000
-9 (base 16) to base 4
-21
-12 (base 11) to base 10
-13
Convert -38 (base 11) to base 2.
-101001
What is -9a (base 14) in base 15?
-91
7 (base 16) to base 13
7
100010 (base 2) to base 3
1021
What is -122 (base 3) in base 2?
-10001
Convert -88 (base 9) to base 6.
-212
Convert 4d (base 14) to base 15.
49
What is 24 (base 14) in base 13?
26
What is -1 (base 9) in base 7?
-1
What is -413 (base 5) in base 11?
-99
What is -2 (base 15) in base 13?
-2
Convert -1 (base 5) to base 4.
-1
What is -3 (base 10) in base 9?
-3
Convert 4 (base 16) to base 4.
10
Convert -7 (base 15) to base 3.
-21
Convert -5 (base 9) to base 4.
-11
Convert -63 (base 16) to base 4.
-1203
What is -107 (base 10) in base 13?
-83
What is -2 (base 13) in base 9?
-2
2 (base 11) to base 10
2
Convert -13 (base 14) to base 4.
-101
-12 (base 6) to base 3
-22
What is 7 (base 16) in base 11?
7
What is 7 (base 9) in base 15?
7
Convert 13 (base 14) to base 10.
17
Convert -5 (base 7) to base 5.
-10
What is -14 (base 14) in base 6?
-30
What is 3 (base 11) in base 8?
3
Convert 110001 (base 3) to base 4.
11011
What is -25 (base 7) in base 9?
-21
What is 0 (base 16) in base 6?
0
What is 3 (base 14) in base 10?
3
Conver